*v + 3. Suppose -3*m + z + 16 = -z, -2 = -3*m - 5*z. Suppose 5*o - 44 = -m*b - 17, -2*o + 3 = -b. Determine x(b).
0
Let m(l) = -l**3 - l - 3. Let b(j) = -j**3 - j - 4. Let q(n) = 6*b(n) - 5*m(n). Let h be 1*4/(8/6). Suppose 4*i + h*r + 3 = -0*r, -r - 1 = 4*i. Give q(i).
-9
Let r(z) = z**2 + 7*z - 1. Let w be r(-7). Let c(q) = q**2 - 4. Let y(b) = 2*b**2 + 1. Let u(t) = -c(t) - 5*y(t). Give u(w).
-12
Let v(z) be the first derivative of z**3/3 - 5*z**2 + 9*z - 3094. Let a be 1 + 6 + 1 + -2. What is v(a)?
-15
Suppose -12*q = -10*q - 10. Let d(l) = -q - 1 - 3 + 2 + l. What is d(5)?
-2
Let u(p) be the third derivative of p**6/120 - p**5/10 + 7*p**4/24 - p**3/3 - 159*p**2. What is u(3)?
-8
Let h(m) = 8*m**3 + 1. Let x be (-12)/5 - 6/(-15). Let y be 2 + x + 0 + -1. Calculate h(y).
-7
Let v(s) = -8*s**2 + 2*s - 1. Let b(g) = -g + 33. Let y be b(24). Suppose -4*m = -x - y, 5 = -4*m - 3*x - 6. Determine v(m).
-7
Let a(d) = 3*d**2 - 10*d - 19. Let y(i) = 2*i**2 - 4*i - 10. Let u(h) = 3*a(h) - 5*y(h). Determine u(-6).
17
Let y = 858 + -855. Let l(z) be the first derivative of -1/4*z**4 - 2/3*z**y - 1 - 4*z + 0*z**2. What is l(-3)?
5
Let w(p) = p**3 - 5*p**2 + 2*p - 5. Suppose -y + 0 = -3. Suppose 4*n = -5*z + 13, -y*n + 15 = 2*n + 5*z. Suppose 0*i - 10 = -n*i. Give w(i).
5
Let n(u) = -16*u + 120. Let w(o) = 3*o - 22. Let y(p) = 4*n(p) + 22*w(p). Let s be (-19)/(-3) - (-1)/(-3). Give y(s).
8
Let k(o) = o + 8. Suppose 4*m = 6*m + 2*m. Suppose m = -41*r + 46*r + 35. Determine k(r).
1
Let u(o) = 2*o + 2 - o + 1. Let n(x) = -13*x - 314. Let f be n(-24). Determine u(f).
1
Let j(g) = -15*g**2 + g - 1. Suppose 0 = -4*o - 5*i + 29, -18 - 10 = -3*o - 5*i. Let u be j(o). Let w = 15 + u. Let q(f) = -f - 7. Give q(w).
-7
Suppose 19*s + 4 = 15*s. Let f(n) = 11*n + 1. Calculate f(s).
-10
Suppose -2*f - 2*n - 4 = 2*f, 1 = -f + n. Let k be 513/99 + f/(-11)*-2. Let l(w) = 0*w - 2*w + w. Give l(k).
-5
Let g(n) = -14*n + 6. Let t(m) = -26*m + 11. Let v(j) = 11*g(j) - 6*t(j). What is v(1)?
2
Let c(h) = 6*h + 7 - 5 + h + 2*h. Calculate c(2).
20
Suppose 21*w = 13 + 8. Let u(x) = -x**2 - 1 - 5*x**3 + 0 + 2*x**2. Give u(w).
-5
Suppose 4*a + 42 = -3*a. Let y(o) = o**3 + 7*o**2 + 6*o + 1. Give y(a).
1
Let b(s) be the third derivative of -s**5/10 + s**4/8 - 5*s**3/6 - 12*s**2 - 4. Calculate b(3).
-50
Let x(y) = -14 + 11 - y + 0*y + 21. What is x(0)?
18
Let s(z) = 2*z**2 + 4*z + 1. Let w be -3 - (10/4)/((-95)/(-76)). Calculate s(w).
31
Let d(c) be the third derivative of c**5/6 - c**4/24 + c**3/6 - 40*c**2. Determine d(1).
10
Let r(z) = -z + 5. Let l be (0 - -3)*8/6. Let g be r(l). Let v(n) = -9*n**3 + 2*n**2 - 1. What is v(g)?
-8
Let z = -209 + 477. Let s(m) = 2*m**2 - 271 - m**2 + z. Determine s(3).
6
Let l(v) = -6*v - 2. Let y(p) = -p**2 + p + 1. Let q(t) = -l(t) - y(t). Let x(f) = -f + 6. Let z be x(5). Let m be (-1 - z)*(-6)/(-2). Calculate q(m).
7
Let c(o) = -o - 10. Let m be (-246)/(-656) + 90/16. What is c(m)?
-16
Let j(b) = -b**2 - 10*b + 3. Let f be (-1 - (-65)/(-10))/(3/4). Let t be j(f). Let d(l) be the second derivative of -l**4/12 + l**3/6 - l. Calculate d(t).
-6
Let u(f) = -f**3 + 2*f**2 + 2*f - 1. Let w(t) be the third derivative of t**6/120 - t**5/15 - 11*t**3/3 + 2*t**2. Let i be w(5). Give u(i).
-4
Let m(h) = -h + 3. Let n be m(7). Let p = n - -9. Let u(t) = -1 + 8*t - p*t - t**2 + 3. Give u(4).
-2
Suppose 0*f + 5*f - 4*c + 66 = 0, c - 24 = 2*f. Let i be (3 + -2)/(f - -11). Let z(q) = -2*q**3 - q**2 + 2*q - 1. Determine z(i).
-2
Suppose -5*r + 55 = 3*t + 2*t, -11 = -t + r. Suppose t + 1 = 6*m. Let q(o) = o**2 - o + 1. Let f(v) = -8*v**2 + 8*v - 8. Let p(s) = f(s) + 6*q(s). What is p(m)?
-6
Suppose -2*v + 3*v = -3*m + 102, 4*m - v - 143 = 0. Let p be 4/(-14) - (-10)/m. Let i = 1 - p. Let q(f) = -3*f**3 + f**2. Give q(i).
-2
Let s(n) = -2*n + 2. Let o be ((-2)/1)/(3/(-150)). Suppose 21 = f - 2*x + 1, 5*f - o = 4*x. Suppose -f = -a - 3*a. Determine s(a).
-8
Let c(g) be the first derivative of 0*g**2 + 1/3*g**3 + 12 + 7*g + 1/4*g**4. Let u be (0 - -1)*-1 + 1. Calculate c(u).
7
Let p(o) = 3*o - 1. Let y(f) = -f**2 - 1. Let q = 14 + -12. Suppose -i = -2*i - q. Let g(n) = i*y(n) + 2*p(n). Calculate g(-4).
8
Let d(v) = v**2 + 13*v + 1. Let u(f) = -6*f**2 - 47*f - 5. Let z(h) = 2*d(h) + u(h). What is z(-5)?
2
Let h be 0 + 0 + 0 + 2. Let a(c) = -5*c**h + 3*c**2 + c**3 - c**2 + 2*c**2 + 2 - 5*c. Suppose 12 = -5*g + 9*g. Determine a(g).
5
Let g(p) = 5 - 8*p**2 + p**3 + 10*p**2 + 4*p**2 + 2*p**2 + 10*p. Calculate g(-7).
-16
Let s be (-1926)/27 + 2/(-3). Let w = 70 + s. Let n(p) = -p**2 + 3*p**2 + 4*p**3 - 2*p**3 - 3 - 3*p. Give n(w).
-5
Suppose -6 = 3*r - 2*r. Let u(x) = 0 - 1 + 77*x**2 - 76*x**2 + 6*x. Calculate u(r).
-1
Let w(i) = 53*i + 99. Let p be w(-2). Let q(r) = -2*r - 14. Let m(n) = n + 7. Let b(s) = -5*m(s) - 2*q(s). Calculate b(p).
0
Let u(i) = i**2 - 2*i - 2. Let m(v) = v - 6. Let l be m(9). Let f be (-4)/15*5/2*l. Determine u(f).
6
Let j(m) be the first derivative of -m**4/8 - m**3/2 - 13*m**2 - 13. Let v(i) be the second derivative of j(i). Determine v(5).
-18
Let z(j) = -6*j + 13. Let a(u) = -3*u + 8. Let m(i) = -5*a(i) + 3*z(i). What is m(2)?
-7
Let i(l) = l**2 - 6*l - 10. Let a = -233 - -242. Determine i(a).
17
Let j(c) = c**3 - 5*c**2 - 5*c + 2. Suppose 39 = 6*r + 3. Determine j(r).
8
Let g(n) be the first derivative of -2*n**3 - 1/2*n**2 - 1/4*n**4 + 7 - 8*n. Give g(-6).
-2
Suppose 261*j = 233*j - 140. Let q(y) = 3*y - 9. Give q(j).
-24
Let n(l) = -1 - 2*l - 2*l + 9*l**2 + 2*l. Let j be 0 - (3 + (-2 - -1)) - (39 - 40). Determine n(j).
10
Suppose -9*o + 7*o + 10 = 0. Suppose 10*m - 50 = o*m. Let r(f) = 4 + f - m*f + 11*f. What is r(-4)?
-4
Let i(r) = 8*r**3 + r**2. Suppose -6 = -w + 3*l, 2*w + l = -3*l + 22. Suppose -22*g = -13*g - w. Determine i(g).
9
Let r be (-1*(1 - 1))/2. Suppose r = -0*d - 4*d. Let o(s) = s + 2. Let p(q) = 2*q + 3. Let t(g) = -5*o(g) + 3*p(g). What is t(d)?
-1
Let x = -4 - -12. Let u = x - 4. Let q(k) = 2 + 2 - 3 + u*k - k**2. Determine q(4).
1
Let g(b) = -b**3 + 7*b**2 - 9*b - 5. Let n be g(3). Let t(o) = o**3 - 3*o**2 - o - 3. What is t(n)?
9
Let f be 10/3 + 2/3. Let j(l) be the third derivative of -l**4/24 - l**3/2 + l**2 + 25. Calculate j(f).
-7
Let w(u) = -9*u - 1. Suppose 94*s - 84*s - 60 = 0. Calculate w(s).
-55
Suppose -42 = -o - 5*o. Let v = -5 + o. Let i(q) = 2*q**2 - 2*q + 2. Determine i(v).
6
Let j(y) = y**2 - 7*y + 6. Suppose 4*t + 14 = 2*n, -t - 3 = -0. What is j(n)?
0
Let c(x) = 7*x**3 + 9*x**2 + 3*x - 15. Let l(z) = -6*z**3 - 8*z**2 - 2*z + 13. Let o(r) = -5*c(r) - 6*l(r). Give o(-3).
6
Let i = 78 - 72. Suppose -c - 4*c - 9 = -2*w, i = -3*c + w. Let b(l) = l**3 + 3*l**2 + 5*l + 2. Determine b(c).
-13
Suppose 3*f - 26 + 8 = 0. Let l(c) be the third derivative of 0 + 1/60*c**5 - 1/4*c**4 - 7/6*c**3 + 15*c**2 + 0*c. Give l(f).
-7
Let v = -215 + 218. Let a(p) = p**3 - 5*p**2 - 2. Let q(l) = -l**2 - l - 1. Let y(m) = -a(m) + 2*q(m). Calculate y(v).
-6
Let g(r) = r**3 - 12*r**2 + 2*r - 18. Let z(o) = 6*o - 78. Let j be z(15). What is g(j)?
6
Suppose 0 = -a - 2 + 3. Let z(q) = 0*q**2 + 2*q**2 - a - 2*q**2 - 7*q - q**2. Determine z(-3).
11
Suppose 92*l - 89*l - 6 = 0. Let j(n) = 1 - 7*n - 7*n**l + 14*n + 13*n**2 - 7*n**2. Give j(6).
7
Let c(o) = -89*o + 540. Let h be c(6). Let q(l) = 11*l - 15. Determine q(h).
51
Let b(w) = 4*w**2 + 5*w + 2. Suppose 2*l = -16 + 8. Determine b(l).
46
Let m(j) = j**2 - 9*j - 8. Let v be m(10). Let r(o) = o**3 - 5*o**2 + 3*o. Determine r(v).
-6
Let m(d) be the third derivative of d**4/12 - 5*d**3/3 - 2*d**2 + 17. Let g be (-2)/(-4)*0 - -8. Give m(g).
6
Let m(n) = 7*n**3 + 19*n**2 + 12*n - 9. Let s(v) = 4*v**3 + 10*v**2 + 6*v - 4. Let t(u) = 3*m(u) - 5*s(u). Let p be 1*25/(-10)*(-2)/(-1). What is t(p)?
13
Let p(r) be the first derivative of -2*r**2 + r + 140. Determine p(6).
-23
Let i be -6*(-2)/72 - (-23)/6. Let h(u) = 2*u**2 - 3. Determine h(i).
29
Let w(u) be the second derivative of u**5/20 + 4*u**4/3 - 3*u**3 - 21*u**2/2 + 23*u. Give w(-17).
-4
Let c(y) = 11*y - 19. Let z be -10 - ((-12)/4)/3. Let p(m) = 5*m - 9. Let d(t) = z*p(t) + 4*c(t). Calculate d(8).
-3
Let g(a) = -2*a. Let h(k) be the third derivative of -k**4/24 - 5*k**3/6 - k**2. Let o = 127 + -134. Let y be h(o). What is g(y)?
-4
